01022202122
In base 3, what is 21 + 12000122202212?
12000122210010
In base 6, what is 2150 - 11253423?
-11251233
In base 7, what is -1540035543 - -2?
-1540035541
In base 8, what is 15614 - 6350?
7244
In base 2, what is 101011001111000100000001 + -100?
101011001111000011111101
In base 2, what is -1101011111111110110100 + -101?
-1101011111111110111001
In base 10, what is 1497 + -192610?
-191113
In base 8, what is -14 - -26456062?
26456046
In base 5, what is -31 + -22242442?
-22243023
In base 6, what is -42525 - -22012?
-20513
In base 6, what is -225 + 151501145?
151500520
In base 4, what is -13223 - -12011012132?
12010332303
In base 3, what is -1000112 - 1112002210100?
-1112010210212
In base 14, what is -a2 + 134134?
134072
In base 14, what is -2960b - 1?
-2960c
In base 15, what is -5aa0e4d - -4?
-5aa0e49
In base 14, what is 26c286a + 0?
26c286a
In base 11, what is -163a + -132a?
-2969
In base 10, what is -2551 + 3270?
719
In base 10, what is -19297 + 485?
-18812
In base 7, what is 420361 - 1336?
416022
In base 3, what is 221 - 100022002001?
-100022001010
In base 9, what is 2836526568 - -2?
2836526571
In base 3, what is 2 - 102221111101?
-102221111022
In base 6, what is -1020330 + 2404?
-1013522
In base 10, what is 3578053 - 0?
3578053
In base 2, what is 1111001100110 - -100101101?
1111110010011
In base 12, what is 13715 - -1795?
152aa
In base 2, what is -10011101010110010001000 - -10000001?
-10011101010110000000111
In base 2, what is -11101100110 - -1010100011101?
110110110111
In base 6, what is -1413 + 121353?
115540
In base 6, what is -524 + 122122?
121154
In base 9, what is -6 + 174772684?
174772677
In base 8, what is -10130306 - -32?
-10130254
In base 4, what is -210 - 11331321001?
-11331321211
In base 16, what is 495ad + -2b5?
492f8
In base 15, what is -4 - 212e4cb?
-212e4d0
In base 3, what is 100001210 + -10001202?
20000001
In base 8, what is 2470314031 + -1?
2470314030
In base 12, what is -55679 - -38?
-55641
In base 2, what is 101011110111001000010011011 + 1?
101011110111001000010011100
In base 7, what is 3152214 + 5?
3152222
In base 12, what is -2b1 - 50431?
-50722
In base 13, what is -1831 - 23b?
-1a6c
In base 10, what is -14444 - -140?
-14304
In base 3, what is 10101 - 1021111201002?
-1021111120201
In base 13, what is 343707 - 9a?
34363a
In base 3, what is 222221102202 + -212?
222221101220
In base 9, what is -555264250 - 5?
-555264255
In base 14, what is -1 - 3096416?
-3096417
In base 6, what is 1340 - -15210?
20550
In base 10, what is 545 + -4068?
-3523
In base 6, what is 1 + 535344211?
535344212
In base 7, what is -403132152 - -43?
-403132106
In base 12, what is 1 - 1969262?
-1969261
In base 9, what is -48750587 - -3?
-48750584
In base 5, what is -1302400 + -3202?
-1311102
In base 10, what is -16246139 - 2?
-16246141
In base 10, what is 4 - -4082119?
4082123
In base 6, what is 2325532402 - -2?
2325532404
In base 2, what is -10110011 - -10001110110011111?
10001110011101100
In base 15, what is -25834 - -1d?
-25816
In base 11, what is 339870 + -5?
339866
In base 11, what is -38971 - -164?
-38808
In base 5, what is 0 + 312010444032?
312010444032
In base 3, what is -1002 + -2201221112222202?
-2201221120000211
In base 11, what is 30 - -1aa6a3?
1aa723
In base 4, what is 23233002122211 + -12?
23233002122133
In base 12, what is a5 + 14a2284?
14a2369
In base 13, what is 2 - -858a37?
858a39
In base 4, what is 2 + 122121010003?
122121010011
In base 4, what is -2 + 3113223203001?
3113223202333
In base 11, what is 2 - 126257a4a?
-126257a48
In base 6, what is -205 + 43542445?
43542240
In base 7, what is -5221 - 2144663?
-2153214
In base 15, what is -8 + 12c6b2c?
12c6b24
In base 6, what is -2514131240 + -1?
-2514131241
In base 15, what is -a9d + -2b6?
-d64
In base 14, what is -298 - 2b150?
-2b408
In base 14, what is -3b - -66dc0?
66d83
In base 11, what is -6156 + -1929?
-7a84
In base 5, what is 23000101 - -34?
23000140
In base 8, what is 64666275 + 70?
64666365
In base 8, what is 107 + 153004?
153113
In base 9, what is -2167030137 - -3?
-2167030134
In base 14, what is 3 + -786341?
-78633c
In base 3, what is -200012210 + 22122211?
-100112222
In base 5, what is 1 - -1331240040?
1331240041
In base 7, what is -2 + -1455640426?
-1455640431
In base 6, what is -2030431 + 4130?
-2022301
In base 14, what is -72a - c11?
-153b
In base 15, what is 0 + 86ecbe?
86ecbe
In base 13, what is 3b - 115728?
-1156ba
In base 6, what is -2054403214 - 2?
-2054403220
In base 15, what is 8618 + -19c?
846b
In base 9, what is 2255 + 525115?
527371
In base 8, what is -4326066 + 1?
-4326065
In base 4, what is 30 - -10031311332?
10031312022
In base 2, what is -1000110111111010100 + -1100000?
-1000111000000110100
In base 12, what is -2 - 10724a01?
-10724a03
In base 2, what is 1000000110100 + 1100001100010?
10100010010110
In base 5, what is 1411 + 1314324?
1321240
In base 8, what is -13635 - 15541?
-31376
In base 16, what is -76c + 65e?
-10e
In base 13, what is -2c6 + 667?
371
In base 15, what is -5 + 1c30726?
1c30721
In base 16, what is 12d8b8 - 237?
12d681
In base 2, what is 10110100100000100 - -110010011?
10110101010010111
In base 11, what is 146 + 9a52?
a098
In base 13, what is c9224 - -67?
c928b
In base 15, what is -41752e - -8?
-417526
In base 8, what is 766750474 + -3?
766750471
In base 11, what is -5a27109 + 5?
-5a27104
In base 14, what is 1 + 315d271?
315d272
In base 14, what is 72a0856b + 4?
72a08571
In base 16, what is -4 + 5eca4?
5eca0
In base 3, what is 2 + -1221112212221?
-1221112212212
In base 2, what is 101011 - 1101011010000001?
-1101011001010110
In base 14, what is 1c899 + -436?
1c463
In base 2, what is -110100 - 10001100110011010?
-10001100111001110
In base 16, what is -80a7320 - -4?
-80a731c
In base 3, what is -1102122201202 - 1211?
-1102122210120
In base 9, what is -282 - 550136?
-550428
In base 4, what is -101322120120 + 120?
-101322120000
In base 9, what is 34 - 2061286?
-2061252
In base 2, what is 110111001010101010 - -110110?
110111001011100000
In base 16, what is 23b03 - 185?
2397e
In base 7, what is 1 + 152440603?
152440604
In base 15, what is 1db27957 - 2?
1db27955
In base 9, what is 0 - -264115710?
264115710
In base 3, what is -20012011220002002 - 11?
-20012011220002020
In base 13, what is -420057 - -c8?
-41cc5c
In base 6, what is -31343323 - -251?
-31343032
In base 16, what is 8d4 + c90?
1564
In base 11, what is -1a - -649117?
6490a8
In base 2, what is 110000000110011101110101 + 101?
110000000110011101111010
In base 14, what is 6a844 - 167?
6a6bb
In base 12, what is 4 + 24b527?
24b52b
In base 13, what is 5 - -1575a2a0?
1575a2a5
In base 8, what is -2725 + -175604?
-200531
In base 6, what is 1304154205 + 4?
1304154213
In base 7, what is 10306125531 - 3?
10306125525
In base 14, what is -da34b - -d?
-da33c
In base 8, what is 522260 - 21?
522237
In base 10, what is -5 + 13613340?
13613335
In base 5, what is -204031121 - -1?
-204031120
In base 7, what is 0 - 200310611?
-200310611
In base 14, what is 22871 - -16c?
229dd
In base 11, what is 8779a37 - -6?
8779a42
In base 3, what is -21122202200 + -122?
-21122210022
In base 12, what is 19920b3 - -1a?
1992111
In base 14, what is -139332 + -2a?
-13935c
In base 3, what is -1 - 110011111210001?
-110011111210002
In base 4, what is 0 + 1320203303221?
1320203303221
In base 2, what is -1110110000110101 + -1101?
-1110110001000010
In base 6, what is -1031 + 30113?
25042
In base 9, what is 41205 - 258?
40836
In base 4, what is 2000 + -223031023023?
-223031021023
In base 5, what is 2004021043 - -43?
2004021141
In base 14, what is -c308 - 137?
-c441
In base 7, what is -1430023252 + 2?
-1430023250
In base 6, what is -20020 - 513032?
-533052
In base 10, what is -3124 - -15950?
12826
In base 15, what is -14 + 29ca00?
29c9db
In base 14, what is b8386 + 31?
b83b7
In base 3, what is -1211020211 - 1021121001?
-10002211212
In base 11, what is 214043 + 61a?
214662
In base 6, what is -10434520 - -503?
-10434013
In base 5, what is 2 - -214102120002?
214102120004
In base 10, what is 3724172 + -4?
3724168
In base 3, what is 102112 - 120102112?
-120000000
In base 8, what is 2 - 1433165251?
-1433165247
In base 15, what is -1e1500c + 4?
-1e15008
In base 15, what is -333 + -4ea31?
-4ed64
In base 6, what is 21444 + 2103303?
2125151
In b